e prime factors of 12482?
2, 79
What are the prime factors of 1490?
2, 5, 149
What are the prime factors of 28667?
109, 263
List the prime factors of 3023.
3023
What are the prime factors of 6423?
3, 2141
What are the prime factors of 7847?
7, 19, 59
What are the prime factors of 12965?
5, 2593
List the prime factors of 29195.
5, 5839
What are the prime factors of 3667?
19, 193
List the prime factors of 2808.
2, 3, 13
What are the prime factors of 79278?
2, 3, 73, 181
List the prime factors of 1194.
2, 3, 199
List the prime factors of 37178.
2, 29, 641
What are the prime factors of 8294?
2, 11, 13, 29
List the prime factors of 40640.
2, 5, 127
List the prime factors of 14552.
2, 17, 107
List the prime factors of 49666.
2, 19, 1307
List the prime factors of 4328.
2, 541
What are the prime factors of 48037?
11, 397
What are the prime factors of 5583?
3, 1861
List the prime factors of 47254.
2, 23627
List the prime factors of 1317.
3, 439
What are the prime factors of 7770?
2, 3, 5, 7, 37
What are the prime factors of 1523?
1523
List the prime factors of 3008.
2, 47
List the prime factors of 5282.
2, 19, 139
List the prime factors of 63106.
2, 139, 227
What are the prime factors of 2604?
2, 3, 7, 31
What are the prime factors of 14817?
3, 11, 449
List the prime factors of 1230.
2, 3, 5, 41
What are the prime factors of 12808?
2, 1601
List the prime factors of 30586.
2, 41, 373
List the prime factors of 3088.
2, 193
List the prime factors of 989.
23, 43
List the prime factors of 8967.
3, 7, 61
What are the prime factors of 5023?
5023
List the prime factors of 59413.
19, 53, 59
What are the prime factors of 52776?
2, 3, 733
What are the prime factors of 2148?
2, 3, 179
List the prime factors of 746.
2, 373
What are the prime factors of 1252?
2, 313
What are the prime factors of 7864?
2, 983
List the prime factors of 368.
2, 23
List the prime factors of 42618.
2, 3, 7103
What are the prime factors of 825?
3, 5, 11
What are the prime factors of 1886?
2, 23, 41
List the prime factors of 3554.
2, 1777
List the prime factors of 63753.
3, 79, 269
List the prime factors of 54186.
2, 3, 11, 821
List the prime factors of 1988.
2, 7, 71
What are the prime factors of 98680?
2, 5, 2467
List the prime factors of 1442.
2, 7, 103
List the prime factors of 17147.
13, 1319
List the prime factors of 25552.
2, 1597
List the prime factors of 16324.
2, 7, 11, 53
List the prime factors of 348.
2, 3, 29
What are the prime factors of 2188?
2, 547
List the prime factors of 17467.
17467
What are the prime factors of 2334?
2, 3, 389
What are the prime factors of 61338?
2, 3, 10223
List the prime factors of 133.
7, 19
What are the prime factors of 686?
2, 7
List the prime factors of 1023.
3, 11, 31
What are the prime factors of 85740?
2, 3, 5, 1429
List the prime factors of 405.
3, 5
What are the prime factors of 87008?
2, 2719
What are the prime factors of 4615?
5, 13, 71
List the prime factors of 1666.
2, 7, 17
What are the prime factors of 41?
41
List the prime factors of 59722.
2, 13, 2297
What are the prime factors of 1264?
2, 79
What are the prime factors of 10808?
2, 7, 193
What are the prime factors of 852?
2, 3, 71
What are the prime factors of 639?
3, 71
What are the prime factors of 3998?
2, 1999
List the prime factors of 475.
5, 19
What are the prime factors of 1493?
1493
List the prime factors of 5790.
2, 3, 5, 193
What are the prime factors of 9193?
29, 317
List the prime factors of 26296.
2, 19, 173
What are the prime factors of 582?
2, 3, 97
List the prime factors of 73187.
163, 449
What are the prime factors of 3305?
5, 661
What are the prime factors of 1664?
2, 13
What are the prime factors of 54705?
3, 5, 7, 521
What are the prime factors of 48948?
2, 3, 4079
What are the prime factors of 1593?
3, 59
What are the prime factors of 238?
2, 7, 17
List the prime factors of 978.
2, 3, 163
List the prime factors of 5809.
37, 157
List the prime factors of 83185.
5, 127, 131
What are the prime factors of 23934?
2, 3, 3989
What are the prime factors of 8714?
2, 4357
What are the prime factors of 5076?
2, 3, 47
List the prime factors of 5850.
2, 3, 5, 13
List the prime factors of 8600.
2, 5, 43
What are the prime factors of 6122?
2, 3061
What are the prime factors of 92615?
5, 18523
List the prime factors of 32715.
3, 5, 727
What are the prime factors of 200533?
127, 1579
What are the prime factors of 7812?
2, 3, 7, 31
List the prime factors of 608.
2, 19
List the prime factors of 1328.
2, 83
List the prime factors of 7355.
5, 1471
List the prime factors of 179341.
19, 9439
What are the prime factors of 5294?
2, 2647
List the prime factors of 1257.
3, 419
What are the prime factors of 9926?
2, 7, 709
What are the prime factors of 2019?
3, 673
What are the prime factors of 32945?
5, 11, 599
What are the prime factors of 5528?
2, 691
List the prime factors of 1619.
1619
List the prime factors of 1043.
7, 149
What are the prime factors of 22260?
2, 3, 5, 7, 53
List the prime factors of 2478.
2, 3, 7, 59
List the prime factors of 12650.
2, 5, 11, 23
List the prime factors of 26924.
2, 53, 127
List the prime factors of 208.
2, 13
What are the prime factors of 45079?
61, 739
What are the prime factors of 8412?
2, 3, 701
What are the prime factors of 49430?
2, 5, 4943
List the prime factors of 209.
11, 19
What are the prime factors of 131292?
2, 3, 7, 521
List the prime factors of 1101.
3, 367
List the prime factors of 184400.
2, 5, 461
List the prime factors of 509.
509
List the prime factors of 7180.
2, 5, 359
What are the prime factors of 16918?
2, 11, 769
List the prime factors of 622.
2, 311
What are the prime factors of 4924?
2, 1231
List the prime factors of 2542.
2, 31, 41
List the prime factors of 486.
2, 3
List the prime factors of 12381.
3, 4127
List the prime factors of 5153.
5153
What are the prime factors of 8322?
2, 3, 19, 73
List the prime factors of 23528.
2, 17, 173
What are the prime factors of 97754?
2, 37, 1321
What are the prime factors of 9967?
9967
What are the prime factors of 17028?
2, 3, 11, 43
List the prime factors of 75835.
5, 29, 523
List the prime factors of 1254.
2, 3, 11, 19
What are the prime factors of 538?
2, 269
List the prime factors of 8578.
2, 4289
What are the prime factors of 40165?
5, 29, 277
What are the prime factors of 11891?
11, 23, 47
What are the prime factors of 6290?
2, 5, 17, 37
What are the prime factors of 7371?
3, 7, 13
What are the prime factors of 78518?
2, 11, 43, 83
What are the prime factors of 1977?
3, 659
List the prime factors of 799.
17, 47
What are the prime factors of 2342?
2, 1171
List the prime factors of 736.
2, 23
List the prime factors of 64362.
2, 3, 17, 631
List the prime factors of 6099.
3, 19, 107
List the prime factors of 57957.
3, 19319
What are the prime factors of 42980?
2, 5, 7, 307
What are the prime factors of 18752?
2, 293
What are the prime factors of 25151?
7, 3593
What are the prime factors of 162380?
2, 5, 23, 353
List the prime factors of 3324.
2, 3, 277
What are the prime factors of 5502?
2, 3, 7, 131
List the prime factors of 6815.
5, 29, 47
List the prime factors of 7255.
5, 1451
List the prime factors of 9173.
9173
What are the prime factors of 25987?
13, 1999
What are the prime factors of 98828?
2, 31, 797
List the prime factors of 4432.
2, 277
What are the prime factors of 73918?
2, 13, 2843
List the prime factors of 6301.
6301
What are the prime factors of 8534?
2, 17, 251
List the prime factors of 53757.
3, 11, 181
List the prime factors of 759.
3, 11, 23
What are the prime factors of 8791?
59, 149
List the prime factors of 43323.
3, 7, 2063
What are the prime factors of 14146?
2, 11, 643
What are the prime factors of 16326?
2, 3, 907
What are the prime factors of 45584?
2, 7, 11, 37
List the prime factors of 99984.
2, 3, 2083
List the prime factors of 2829.
3, 23, 41
What are the prime factors of 917?
7, 131
What are the prime factors of 9300?
2, 3, 5, 31
List the prime factors of 23403.
3, 29, 269
What are the prime factors of 10522?
2, 5261
What are the prime factors of 8061?
3, 2687
What are the prime factors of 86173?
17, 37, 137
List the prime factors of 36006.
2, 3, 17, 353
What are the prime factors of 1639?
11, 149
What are the prime factors of 103244?
2, 53, 487
W